vided by h.
43
Suppose -1784 = -u - 4*z, 2*u + 8*z - 3583 = 5*z. What is the remainder when u is divided by 150?
146
Let v(j) = 7*j**3 + j**2 - 1. Let k be v(1). Suppose k + 3 = 5*f. Suppose 5*t - n = 82, -5*t = -2*t - f*n - 52. Calculate the remainder when 42 is divided by t.
10
Suppose -13*k + 585 = 5*a - 18*k, 3*a - 345 = 2*k. Calculate the remainder when 799 is divided by a.
22
Let x(z) be the second derivative of z**5/20 + z**4/2 - 2*z**3/3 - 9*z**2/2 - 6*z. What is the remainder when x(-6) is divided by (0 - 2)*(-10)/5?
3
Calculate the remainder when 7817 is divided by 1 + 22 - -11 - 0.
31
Let b be 2970/(-243) + (-4)/(-18). Let y = 2 - b. Calculate the remainder when 95 is divided by y.
11
Suppose -297*g - 1976 = -305*g. Suppose y - 20 = 43. What is the remainder when g is divided by y?
58
Let f = 11045 + -10203. What is the remainder when f is divided by 18?
14
Let s(c) = -c**3 - 4*c**2 + 5*c + 1. Let d be s(-5). Let j be ((-32)/d)/(6/(-30)). Calculate the remainder when (10/4)/(10/j) is divided by 14.
12
Let m(f) = -12*f + 2. Let a(g) = g**2 + 6*g + 35. Let s be a(-3). Suppose -40 - s = -3*q. What is the remainder when m(-4) is divided by q?
6
Let b(r) = -r**2 - 15*r - 35. Let c be b(-7). Suppose c*y - 150 = -4*y. Calculate the remainder when 25 is divided by y.
1
What is the remainder when (-2440)/(-183)*(-105)/(-25) is divided by 26?
4
Suppose -g - 2*s = -2409, -g - 1062*s = -1064*s - 2417. What is the remainder when g is divided by 161?
159
Suppose 34 = -4*w + 10. Let h be 21/w - (-5)/((-40)/4). What is the remainder when (-160)/(-4) + h/4 is divided by 4?
3
Suppose -2*s - 5*o + 3921 = 0, 4*s + 3341 = o + 11172. Suppose h + 1782 = s. Calculate the remainder when h is divided by 59.
58
Let g be (-96)/(-28) - (-7)/(245/20). Suppose g*w - 58 = -5*d, -5*w - 10 = 14*d - 16*d. What is the remainder when (8/6)/((-2)/(-39)) is divided by d?
6
Let a(p) = -9*p + 111. Let s be (8 - 38)*6/(-15). Calculate the remainder when 7 is divided by a(s).
1
Let g = 81 - 83. Calculate the remainder when 96 - (3 + -2)*g is divided by 23.
6
Suppose 2*d - 4*a - 306 = 0, -d - 4*a - 43 = -166. Let g = -2527 + 2430. Let r = g + d. Calculate the remainder when 182 is divided by r.
44
Let i(g) = g**2 + 4*g - 8. Let a(u) = -u**3 + 9*u**2 + 11*u + 7. Calculate the remainder when a(10) is divided by i(3).
4
Suppose 4*y = -0*h + 3*h + 12131, 3034 = y - 2*h. Suppose 596 - y = -7*a. What is the remainder when a is divided by 39?
36
Let g = -26663 - -26799. What is the remainder when 1343 is divided by g?
119
Suppose 0 = -8*g + 219 + 69. Suppose 0 = 5*n - g*n + 186. Calculate the remainder when 7 is divided by n.
1
Let s(d) = -601*d + 1467. What is the remainder when s(-2) is divided by 11?
7
Calculate the remainder when (1 + -4 - -1)*(-16 - (8 - 7)) is divided by 21.
13
Suppose -228*s = -61*s - 6012. What is the remainder when 1511 is divided by s?
35
Let u = -2168 + 4928. Calculate the remainder when u is divided by 37.
22
Let g = 560 + 80. Calculate the remainder when g is divided by 46.
42
Suppose -b + 2196 = -2*k - 697, -5*k + 2844 = b. What is the remainder when b is divided by 80?
79
Suppose 0 = 7*b - 0*b - 434. Suppose 3 = 9*w - 78. Calculate the remainder when b is divided by w.
8
Suppose 0 = -3*l + 276 + 36. Let y(r) = r + 27. Let k(p) = p - 9. Let s be k(9). What is the remainder when l is divided by y(s)?
23
Let j(y) = -y**3 + 75*y**2 + 72*y + 754. Calculate the remainder when j(76) is divided by 75.
0
Suppose 1456 = 4*w - 1188. Let j = -469 + w. What is the remainder when j is divided by (0 - (-60)/14)/((-638)/(-2233))?
12
Suppose 0 = p - 4*l - 128, 3*p + 158 = 4*p + 2*l. Let i(d) = d**2 - 68*d + 582. Calculate the remainder when p is divided by i(9).
46
Let y(z) be the first derivative of z**4/2 - 2*z**3/3 - 7*z**2/2 + 6*z + 499. Let s = 0 + 3. Calculate the remainder when 73 is divided by y(s).
10
Suppose 141 + 1175 = 67*v - 694. Calculate the remainder when 538 is divided by v.
28
Let x(z) = -z**3 + 25*z**2 - 23*z. Let i be x(24). Let y = i + -6. Calculate the remainder when 105 is divided by y.
15
Suppose 0 = -q + 4*j - 7*j + 242, 1196 = 5*q + j. Calculate the remainder when 466 is divided by q.
227
Let l(w) = w**3 + 6*w**2 - 7*w - 7. Suppose 13*r + 315 = 1810. What is the remainder when r is divided by l(-5)?
9
Let y = 197 - 183. Suppose -4*v = -v - 57. Calculate the remainder when v is divided by y.
5
Let q = 16 + 1. Let y(r) = -r**2 + 12*r - 35. Let h be y(5). Suppose h = -360*m + 356*m + 168. What is the remainder when m is divided by q?
8
Let y(h) = 18*h**3 - h**2 + 1. Suppose -n - 2*f = 2*f - 465, -1902 = -4*n - 2*f. Suppose -7*z + n = -132. Calculate the remainder when z is divided by y(1).
15
Let b be (0 - -12)*(1075/20 + -2). Suppose 0 = -3*a + 7*a + 5*x - 1317, -2*a = -5*x - b. What is the remainder when a is divided by 110?
103
Suppose -3*t + 22 = s, -11 = -4*t - 5*s + 11. Suppose -m - 36 = t*m. What is the remainder when 19 is divided by 39 - 25 - m/(-2)?
7
Let d(g) = 4*g - 42. Let k be d(-18). Let p = 23 - k. Calculate the remainder when p is divided by 28.
25
Calculate the remainder when 1/(-5) + 676/5 is divided by (0 - -2)/(4680/580 - 8).
19
Suppose -3*r - 4*g + 88 = 0, -7*r - 10*g + 230 = -13*g. What is the remainder when 4441 is divided by r?
25
Let d = 29443 + -29400. Calculate the remainder when 16553 is divided by d.
41
Suppose -g + 354 = n, -5*g + 2*n = 3*n - 1786. Let o = -322 + g. What is the remainder when 71 is divided by o?
35
Suppose -5*n + 2*n + 789 = 0. Let a = 430 - n. What is the remainder when a is divided by 1859/66 + (-2)/12?
27
Let b be -2 + 1 + 30 - (-3 - 0). Let v = -15 + b. Calculate the remainder when 66 is divided by v.
15
Let s be ((-8)/(-10))/((-5)/(-25)). Let h(n) = -2*n**3 + 10*n**2 - 7. Calculate the remainder when h(s) is divided by 13.
12
Calculate the remainder when 189 is divided by (-2)/6 + (-60)/(-72) + (-291)/(-6).
42
Suppose -12*l + 278 = -10*l - 2*m, l - 5*m - 139 = 0. Calculate the remainder when l is divided by 48.
43
Suppose -249*y - 2402 = -2*f - 253*y, -y + 2375 = 2*f. What is the remainder when f is divided by 195?
13
Suppose 14*t - 30*t = -2240. Suppose -5*o + 5*d = -t, -2*o - 15*d + 56 = -13*d. What is the remainder when 72 is divided by o?
16
Let j be ((-4)/(-6))/(2/81). Let w = j - 17. Suppose 0 = -3*f + 61 - w. Calculate the remainder when f is divided by 10.
7
Suppose -127*t = -132*t - 2*g + 232, 32 = t - 2*g. Calculate the remainder when 24505 is divided by t.
41
Calculate the remainder when (45/(-40))/((-27)/86616) is divided by 95.
94
Suppose -4*r = -5 + 17, -4*o - 3*r = 5. Calculate the remainder when 285 is divided by (o/3 - 1) + 125/3.
39
Suppose -7*t + 4*t - 28 = -5*i, 14 = 2*i - 4*t. Calculate the remainder when 172 is divided by i.
2
Let j(q) = -45*q - 1064. What is the remainder when j(-40) is divided by 15?
1
Suppose 45*q + 26 = 46*q. Suppose q*m = 5962 + 3346. What is the remainder when m is divided by 30?
28
Let t = -235646 + 235697. Let p = 16 + 3. Calculate the remainder when t is divided by p.
13
Let u(q) = -q**3 + 11*q**2 + 2*q + 3. Let v be (-3)/6 + 55/10. What is the remainder when u(v) is divided by 33?
31
Let n = 321 - 319. Suppose -3*f + 15 = 0, -881 = -24*o + 21*o + n*f. Calculate the remainder when o is divided by 75.
72
Let g be (578/(-10))/(10/(-50)). Suppose 3*b - 4*j = -0*b + g, -2*b - 3*j = -204. What is the remainder when b is divided by 28?
15
Suppose 5*d - 285 = 20. What is the remainder when d is divided by 1003/102 - (0 + 5/6)?
7
Let y(g) = 2*g**2 + 3*g - 238. Suppose -h = 23 + 58. Let d = h - -190. What is the remainder when d is divided by y(-12)?
11
Suppose 4*a = 2*a. Suppose -n + 4*n = -4*i + 20, a = -n + 4. Suppose 30 = i*f + 6. What is the remainder when 23 is divided by f?
11
Suppose g = 3*z - 312, -2*z = 2*g - 126 - 90. What is the remainder when 330 is divided by z?
15
Suppose 2*n = 4*x - 40, 3*x - 2*n + 7*n - 4 = 0. Suppose -4*v = -x*v + 180. Suppose 10*g - 5*g = v. What is the remainder when 35 is divided by g?
8
Let a = -2858 - -3332. What is the remainder when a is divided by 154?
12
Suppose -6 = l - 3*l + w, -3*l - 4*w + 9 = 0. Suppose 0 = -q - l*i + 68, 0*i = -q + 4*i + 54. What is the remainder when q is divided by 17?
11
Suppose 5*f